rime factors of 14186241?
3, 109, 14461
List the prime factors of 11915729.
7, 83, 20509
List the prime factors of 144410.
2, 5, 7, 2063
List the prime factors of 880209.
3, 11, 17, 523
List the prime factors of 301460.
2, 5, 15073
What are the prime factors of 2087710?
2, 5, 23, 29, 313
List the prime factors of 5710751.
5710751
List the prime factors of 4032213.
3, 17, 79063
List the prime factors of 2338944.
2, 3, 6091
List the prime factors of 1177648.
2, 89, 827
List the prime factors of 744745.
5, 148949
What are the prime factors of 36401275?
5, 251, 5801
List the prime factors of 919919.
7, 11, 13, 919
List the prime factors of 630437.
229, 2753
List the prime factors of 62918.
2, 163, 193
List the prime factors of 31283461.
11, 229, 1129
List the prime factors of 8261802.
2, 3, 277, 1657
List the prime factors of 6592626.
2, 3, 541, 677
What are the prime factors of 2191090?
2, 5, 11, 19919
What are the prime factors of 289663?
11, 17, 1549
What are the prime factors of 580581?
3, 21503
List the prime factors of 5362134.
2, 3, 191, 4679
List the prime factors of 54558.
2, 3, 7, 433
What are the prime factors of 4436528?
2, 41, 6763
What are the prime factors of 22586602?
2, 47, 240283
List the prime factors of 128869.
13, 23, 431
What are the prime factors of 175005?
3, 5, 3889
List the prime factors of 1365808.
2, 85363
List the prime factors of 220241.
7, 73, 431
What are the prime factors of 32621097?
3, 431, 25229
What are the prime factors of 6367576?
2, 795947
What are the prime factors of 314855?
5, 62971
List the prime factors of 12753036.
2, 3, 354251
List the prime factors of 4496150.
2, 5, 89923
List the prime factors of 639843.
3, 213281
What are the prime factors of 24279413?
24279413
List the prime factors of 24480842.
2, 73, 167677
List the prime factors of 310094.
2, 155047
List the prime factors of 8894785.
5, 397, 4481
What are the prime factors of 147381?
3, 13, 3779
List the prime factors of 11774166.
2, 3, 17, 89, 1297
List the prime factors of 4433292.
2, 3, 4561
What are the prime factors of 4352?
2, 17
What are the prime factors of 28024?
2, 31, 113
What are the prime factors of 2770393?
2770393
List the prime factors of 392346.
2, 3, 71, 307
List the prime factors of 144708.
2, 3, 31, 389
What are the prime factors of 147321?
3, 16369
What are the prime factors of 17224791?
3, 17, 337741
What are the prime factors of 601481?
263, 2287
What are the prime factors of 3720999?
3, 1240333
List the prime factors of 11444.
2, 2861
What are the prime factors of 11570307?
3, 7, 37, 14891
What are the prime factors of 45497?
45497
List the prime factors of 658749.
3, 7, 13, 19, 127
List the prime factors of 1520081.
823, 1847
List the prime factors of 493591.
7, 107, 659
What are the prime factors of 1361940?
2, 3, 5, 22699
What are the prime factors of 58105?
5, 11621
List the prime factors of 8701949.
8701949
List the prime factors of 883260.
2, 3, 5, 7, 701
What are the prime factors of 244198?
2, 122099
What are the prime factors of 127996?
2, 11, 2909
What are the prime factors of 1494365?
5, 47, 6359
What are the prime factors of 307910?
2, 5, 41, 751
List the prime factors of 328478.
2, 164239
List the prime factors of 1923750.
2, 3, 5, 19
List the prime factors of 23229.
3, 29, 89
What are the prime factors of 426454?
2, 7, 83, 367
What are the prime factors of 376152?
2, 3, 7, 2239
What are the prime factors of 5623863?
3, 7, 267803
List the prime factors of 816124.
2, 373, 547
List the prime factors of 7453482.
2, 3, 67, 18541
What are the prime factors of 315340?
2, 5, 15767
What are the prime factors of 20767435?
5, 13, 319499
What are the prime factors of 506593?
506593
List the prime factors of 4101050.
2, 5, 82021
List the prime factors of 317247.
3, 7, 15107
List the prime factors of 10798229.
13, 421, 1973
What are the prime factors of 2610055?
5, 7, 74573
What are the prime factors of 344898?
2, 3, 2129
List the prime factors of 13209568.
2, 509, 811
List the prime factors of 2200178.
2, 1100089
What are the prime factors of 818727?
3, 7, 13, 2999
What are the prime factors of 63228?
2, 3, 11, 479
What are the prime factors of 925778?
2, 7, 89, 743
List the prime factors of 6789867.
3, 7, 367, 881
List the prime factors of 20317336.
2, 13, 195359
What are the prime factors of 38570693?
7, 139, 809
List the prime factors of 1023007.
269, 3803
What are the prime factors of 1488636?
2, 3, 41351
What are the prime factors of 248017?
7, 11, 3221
What are the prime factors of 417505?
5, 11, 7591
What are the prime factors of 277281?
3, 30809
What are the prime factors of 9256927?
53, 174659
What are the prime factors of 1216586?
2, 7, 67, 1297
List the prime factors of 110259.
3, 12251
What are the prime factors of 4508747?
587, 7681
List the prime factors of 1243517.
11, 43, 239
List the prime factors of 183650.
2, 5, 3673
What are the prime factors of 1095353?
7, 167, 937
List the prime factors of 2334834.
2, 3, 19, 6827
What are the prime factors of 1402461?
3, 127, 409
List the prime factors of 542469.
3, 19, 31, 307
What are the prime factors of 1185903?
3, 17, 23, 337
What are the prime factors of 8814652?
2, 7, 11, 28619
List the prime factors of 79542.
2, 3, 491
What are the prime factors of 12075869?
13, 928913
List the prime factors of 5582037.
3, 1860679
What are the prime factors of 38586414?
2, 3, 29, 211, 1051
List the prime factors of 3798304.
2, 29, 4093
What are the prime factors of 1984028?
2, 496007
List the prime factors of 10031793.
3, 397, 8423
What are the prime factors of 490808?
2, 19, 3229
What are the prime factors of 24644106?
2, 3, 151, 9067
What are the prime factors of 16720726?
2, 11, 503, 1511
List the prime factors of 1360667.
7, 11, 41, 431
List the prime factors of 9918078.
2, 3, 31, 53323
What are the prime factors of 2350592?
2, 4591
List the prime factors of 144962.
2, 72481
List the prime factors of 2992434.
2, 3, 498739
List the prime factors of 15124.
2, 19, 199
List the prime factors of 28022623.
28022623
What are the prime factors of 155644?
2, 167, 233
What are the prime factors of 328128?
2, 3, 1709
List the prime factors of 105175.
5, 7, 601
What are the prime factors of 169934?
2, 84967
What are the prime factors of 12675339?
3, 469457
List the prime factors of 125456.
2, 7841
List the prime factors of 343868.
2, 7, 12281
List the prime factors of 1975285.
5, 13, 30389
List the prime factors of 630631.
199, 3169
List the prime factors of 2684326.
2, 1342163
List the prime factors of 300040.
2, 5, 13, 577
List the prime factors of 5048301.
3, 193, 8719
What are the prime factors of 244742?
2, 79, 1549
What are the prime factors of 2554232?
2, 319279
List the prime factors of 25436576.
2, 11, 127, 569
What are the prime factors of 314483?
13, 17, 1423
What are the prime factors of 139219?
23, 6053
What are the prime factors of 3527454?
2, 3, 7, 83987
List the prime factors of 6785628.
2, 3, 565469
List the prime factors of 204488.
2, 25561
What are the prime factors of 348194?
2, 7, 11, 17, 19
What are the prime factors of 196809?
3, 17, 227
What are the prime factors of 1200407?
13, 7103
What are the prime factors of 6353609?
1093, 5813
List the prime factors of 3456396.
2, 3, 67, 1433
List the prime factors of 4873931.
59, 82609
List the prime factors of 113531.
11, 10321
List the prime factors of 631874.
2, 315937
List the prime factors of 2512967.
2512967
What are the prime factors of 2076206?
2, 11, 19, 4967
List the prime factors of 9543425.
5, 381737
What are the prime factors of 783621?
3, 29023
List the prime factors of 821746.
2, 17, 24169
What are the prime factors of 3257258?
2, 37, 44017
List the prime factors of 16149976.
2, 2018747
List the prime factors of 11571174.
2, 3, 29, 821
List the prime factors of 6497580.
2, 3, 5, 108293
What are the prime factors of 849435?
3, 5, 56629
What are the prime factors of 729441?
3, 81049
What are the prime factors of 21054295?
5, 37, 73, 1559
What are the prime factors of 2348914?
2, 419, 2803
What are the prime factors of 13339274?
2, 13, 139, 3691
What are the prime factors of 8303151?
3, 2767717
What are the prime factors of 18047966?
2, 9023983
List the prime factors of 8009992.
2, 17, 58897
List the 